{"id":9392,"date":"2017-01-31T07:32:41","date_gmt":"2017-01-31T06:32:41","guid":{"rendered":"http:\/\/www.a-profi.de\/?post_type=product&#038;p=9392"},"modified":"2022-03-11T10:31:32","modified_gmt":"2022-03-11T09:31:32","slug":"p33-analyse-der-situation-gegebenheitprotokollierung-scriptetexterstellung","status":"publish","type":"product","link":"https:\/\/www.werbeturm24.de\/?product=p33-analyse-der-situation-gegebenheitprotokollierung-scriptetexterstellung","title":{"rendered":"P33: Analyse der Situation, Gegebenheit\/Protokollierung &#8211; Scripte\/Texterstellung"},"content":{"rendered":"<p>Ihr Projekt-Profi\u00a0ist Ihr Controller und Ihre Interessenvertretung an Ihrer Seite und erfasst, analysiert, dokumentiert und protokolliert die unterschiedlichsten Projektvorg\u00e4nge um Sie zu Ihrem Ziel weiter zu bringen.<br \/>\nGem\u00e4\u00df Briefing und Kunden\/zielorientierter Ausrichtung werden Scripte erstellt und Textpassagen verfasst um alle relevanten und anfallenden Vorg\u00e4nge in Ihrem Sinne zu erfasst und zu dokumentiert.<br \/>\nSie briefen Ihre Division und Ihr Projekt-Profi begleitet und betreut Sie und erg\u00e4nzt alle Vorg\u00e4nge die zuvor erfasst und zur Zielerreichung gew\u00fcnscht werden.<\/p>\n","protected":false},"excerpt":{"rendered":"<p>Alle Preise zzgl. Anfahrtskosten \/ Lohnkosten f\u00fcr Regie und Projektierung<br \/>\nsowie ggf. Fahrzeug- und Materialkosten.<strong><br \/>\nW\u00e4hlen Sie: schwarzes Auswahlfeld anklicken,<\/strong><br \/>\n<strong>Auswahl nach und nach in den Warenkorb packen.<\/strong><\/p>\n","protected":false},"featured_media":10035,"comment_status":"closed","ping_status":"closed","template":"","meta":{"_links_to":"","_links_to_target":""},"product_cat":[623],"product_tag":[],"class_list":{"0":"post-9392","1":"product","2":"type-product","3":"status-publish","4":"has-post-thumbnail","6":"product_cat-projekt-service-wartung-pflege-logofoto-sonstiges","7":"pa_p33-analyse-begutachtung-halbtages-satz-aufnahme-dokumentation-scipterstelllung-pauschal-40000-e","8":"pa_p33-analyse-begutachtung-tages-satz-aufnahme-dokumentation-scipterstelllung-pauschal-80000-e","9":"pa_p33-analyse-begutachtung-zzgl-fahrtkosten-siehe-p1-projektbetreuung-ab-6500-e","10":"pa_p33-analyse-begutachtung-analyse-der-werbefunktionwirksamkeit-vor-ort-am-point-of-sale-pos-projektbetreuung-basic-siehe-p1-ab-16900-e","11":"pa_p33-analyse-begutachtung-befragung-der-passanten-bezgl-werbe-marketingwirkung-projektbetreuung-basic-siehe-p1-ab-16900-e","12":"pa_p33-analyse-begutachtung-begutachtung-der-werbewirkung-nachts-dokumentationfotos-verbessungsvorschlaege-projektbetreuung-basic-siehe-p1-ab-16900-e","13":"pa_p33-analyse-begutachtung-kontrolle-der-verteilaktionen-von-aktionsmassnahmen-projektbetreuung-basic-siehe-p1-ab-16900-e","14":"pa_p33-analyse-begutachtung-kontrolle-der-werbemassnahmen-an-ort-x-oder-durch-personal-y-projektbetreuung-basic-siehe-p1-ab-16900-e","15":"pa_p33-analyse-begutachtung-pruefung-der-werbewirksamkeit-gemaess-zu-erstellenden-pruefprotokoll-projektbetreuung-basic-siehe-p1-ab-16900-e","16":"pa_p33-analyse-begutachtung-situationsaufnahme-und-protokollierung-von-ist-darstellungen-z-b-aussenwerbung-bei-div-filialen-projektbetreuung-basic-siehe-p1-ab-16900-e","17":"pa_p33-analyse-begutachtung-textverfassung-werbetext-einlesen-unterlagen-sichten-texterstellung-bis-500-woertera4-seite-je-24000-e","19":"first","20":"instock","21":"taxable","22":"shipping-taxable","23":"purchasable","24":"product-type-variable","25":"has-featured-image","26":"square"},"_links":{"self":[{"href":"https:\/\/www.werbeturm24.de\/index.php?rest_route=\/wp\/v2\/product\/9392","targetHints":{"allow":["GET"]}}],"collection":[{"href":"https:\/\/www.werbeturm24.de\/index.php?rest_route=\/wp\/v2\/product"}],"about":[{"href":"https:\/\/www.werbeturm24.de\/index.php?rest_route=\/wp\/v2\/types\/product"}],"replies":[{"embeddable":true,"href":"https:\/\/www.werbeturm24.de\/index.php?rest_route=%2Fwp%2Fv2%2Fcomments&post=9392"}],"wp:featuredmedia":[{"embeddable":true,"href":"https:\/\/www.werbeturm24.de\/index.php?rest_route=\/wp\/v2\/media\/10035"}],"wp:attachment":[{"href":"https:\/\/www.werbeturm24.de\/index.php?rest_route=%2Fwp%2Fv2%2Fmedia&parent=9392"}],"wp:term":[{"taxonomy":"product_cat","embeddable":true,"href":"https:\/\/www.werbeturm24.de\/index.php?rest_route=%2Fwp%2Fv2%2Fproduct_cat&post=9392"},{"taxonomy":"product_tag","embeddable":true,"href":"https:\/\/www.werbeturm24.de\/index.php?rest_route=%2Fwp%2Fv2%2Fproduct_tag&post=9392"}],"curies":[{"name":"wp","href":"https:\/\/api.w.org\/{rel}","templated":true}]}}